1100110011101111
In base 12, what is -a - 15a?
-168
In base 7, what is -106 - 11156?
-11265
In base 4, what is 3 - 122132?
-122123
In base 13, what is 5 + -2552?
-254a
In base 15, what is -e + -154e2?
-15501
In base 12, what is 51b - 15?
506
In base 14, what is -52 + -97?
-109
In base 4, what is 1231001 - -20?
1231021
In base 15, what is -a + 14d3?
14c8
In base 16, what is -4a2f2 + 1?
-4a2f1
In base 9, what is 23 + -28813?
-28780
In base 2, what is 111 + 11010001010000111100?
11010001010001000011
In base 15, what is 85dd + 1?
85de
In base 4, what is -13 - 1021232001?
-1021232020
In base 11, what is -75261 + -2?
-75263
In base 2, what is 0 + 1100100101011000?
1100100101011000
In base 12, what is 4b69 + -8?
4b61
In base 14, what is 4165 - 2d?
4136
In base 13, what is 16 - 15395?
-1537c
In base 3, what is 2 - -100002100020?
100002100022
In base 11, what is -12 + -72076?
-72088
In base 4, what is -3111 + -1310?
-11021
In base 5, what is -40303013 + 0?
-40303013
In base 16, what is 444e - 2b?
4423
In base 7, what is 5 - 11544452?
-11544444
In base 12, what is 1547 - 23?
1524
In base 13, what is -554 - 1c?
-573
In base 6, what is 13515 + -350?
13125
In base 7, what is 5256 - -13514?
22103
In base 9, what is -5234 - 0?
-5234
In base 7, what is 4440200 + 3?
4440203
In base 11, what is 142 + 1a5?
337
In base 15, what is -3e - -b1e?
ad0
In base 12, what is 4 - -31335?
31339
In base 3, what is 120111 - 100?
120011
In base 16, what is -89 - c7?
-150
In base 12, what is 4410 + 75?
4485
In base 7, what is 2 - -15233?
15235
In base 6, what is 0 - 1553333?
-1553333
In base 7, what is -40334164 - -4?
-40334160
In base 13, what is 2 - 244a5?
-244a3
In base 4, what is -10 - -102032220?
102032210
In base 11, what is -1 - -4a9a?
4a99
In base 7, what is 3 - -163502?
163505
In base 7, what is 1034 + 401?
1435
In base 10, what is -1 + -4153?
-4154
In base 4, what is -101313 + -1011?
-102330
In base 8, what is -3001 - 5?
-3006
In base 13, what is -189c - -331?
-156b
In base 10, what is -2 + 185600?
185598
In base 8, what is 144563 - -2?
144565
In base 4, what is -31003 + 203?
-30200
In base 11, what is 78 - -44?
111
In base 3, what is -1222102110 - -12?
-1222102021
In base 8, what is 2237044 - -2?
2237046
In base 14, what is 2 + 294?
296
In base 5, what is 312311440 - -4?
312311444
In base 15, what is 31092 + -1?
31091
In base 8, what is 415 + -25?
370
In base 5, what is -121142104 + -10?
-121142114
In base 6, what is 132 + 5245?
5421
In base 2, what is 10110100100011 - -10100?
10110100110111
In base 3, what is 1221220 + 2101?
2001021
In base 7, what is 3335 - -1?
3336
In base 8, what is 6613 - 21?
6572
In base 10, what is 5 - 6848?
-6843
In base 15, what is 3 - -1880e?
18812
In base 10, what is -101917 - 2?
-101919
In base 4, what is -1231312 - -1210?
-1230102
In base 7, what is -6 + 6325?
6316
In base 3, what is -202111210022 - -10?
-202111210012
In base 16, what is 362a + 3f?
3669
In base 16, what is 4 + 310ff?
31103
In base 14, what is -9 + -12679?
-12684
In base 10, what is 37 - 981?
-944
In base 3, what is -12 + -11102120021?
-11102120110
In base 14, what is 4dd140 - -4?
4dd144
In base 12, what is 6 + a658?
a662
In base 7, what is 14004 + 0?
14004
In base 3, what is -12 - -1111021?
1111002
In base 12, what is 710 + 461?
b71
In base 16, what is 107 - -676?
77d
In base 7, what is -4 - 640514?
-640521
In base 8, what is 10 + 5274?
5304
In base 9, what is -42 + -465?
-517
In base 5, what is 1130 + 224?
1404
In base 9, what is -78 - -1043?
854
In base 7, what is 335051 + -14?
335034
In base 4, what is -21033031 - 210?
-21033301
In base 7, what is 1335 + -115?
1220
In base 8, what is -1 - -50046?
50045
In base 11, what is -8038 + 18?
-8020
In base 4, what is 103 - 3003?
-2300
In base 13, what is 111057 + -a?
11104a
In base 11, what is 45187 + -2?
45185
In base 15, what is 0 + 33b29?
33b29
In base 15, what is 3 - -1140?
1143
In base 3, what is 12012100111 + -2?
12012100102
In base 16, what is -e00 + 2?
-dfe
In base 3, what is 212210122 - -111?
212211010
In base 16, what is 199d5 - -5?
199da
In base 9, what is -103 + 18524?
18421
In base 2, what is -101 + 10011010001100001?
10011010001011100
In base 11, what is -1682627 + -4?
-1682630
In base 5, what is 1041404 - -2?
1041411
In base 4, what is 133 - 2003302?
-2003103
In base 10, what is 3 + 12033?
12036
In base 10, what is -2733 - 26?
-2759
In base 14, what is -2c770 + 5?
-2c769
In base 14, what is 2 - 4751?
-474d
In base 15, what is -28 + 1578?
1550
In base 12, what is 1 - 1327ab?
-1327aa
In base 13, what is -1 - 1b750?
-1b751
In base 7, what is -1 - 55451?
-55452
In base 6, what is 2 - 31133?
-31131
In base 7, what is 30 + 6616?
6646
In base 9, what is 2 + 8355?
8357
In base 15, what is -17 - 83b?
-853
In base 10, what is 2512 - -132?
2644
In base 15, what is -9b + 135?
89
In base 14, what is 72d + -30?
6dd
In base 13, what is 41 + 427?
468
In base 10, what is 76 - -1167?
1243
In base 12, what is 7 - -13a?
145
In base 3, what is -1021211100 - -10?
-1021211020
In base 14, what is -515 - 2c?
-543
In base 7, what is -1250 - 1015?
-2265
In base 3, what is 21220222 + -21?
21220201
In base 10, what is -329080 + -1?
-329081
In base 8, what is 41725 - 51?
41654
In base 9, what is 6 - 181421?
-181414
In base 16, what is -269b1 + -1?
-269b2
In base 12, what is 246ab5 + 4?
246ab9
In base 14, what is 4 - -7509?
750d
In base 9, what is -317831 + 2?
-317828
In base 4, what is 3 - -133223322?
133223331
In base 12, what is -1 + -267670?
-267671
In base 16, what is -31c + 4f?
-2cd
In base 3, what is -120211111 - -10?
-120211101
In base 4, what is -3030 + -1312133?
-1321223
In base 3, what is -22120122 - 1002?
-22121201
In base 10, what is 4 + -103877?
-103873
In base 6, what is -2 - 114300?
-114302
In base 14, what is 9005 - -21?
9026
In base 3, what is -200001201 + -100?
-200002001
In base 4, what is 121211231 + 100?
121211331
In base 7, what is -4 - 1223?
-1230
In base 5, what is 24 - 1302004?
-1301430
In base 15, what is -17 + 5ee?
5d7
In base 12, what is -3a79 - -121?
-3958
In base 11, what is 4959 - 7?
4952
In base 5, what is -44202 + 3421?
-40231
In base 14, what is 2 - -41d37?
41d39
In base 11, what is 1099 - -6?
10a4
In base 12, what is -7 + -7370?
-7377
In base 12, what is 2291 + -49?
2244
In base 3, what is -120000110 - -211?
-112222122
In base 5, what is 42 + -111032?
-110440
In base 12, what is 1 + 8ab68?
8ab69
In base 10, what is 3779 - -12?
3791
In base 13, what is -31cc + 3?
-31c9
In base 11, what is -1 - -35a95?
35a94
In base 8, what is 10065 + 21?
10106
In base 13, what is -482 + -317?
-799
In base 7, what is 42360 - -2305?
44665
In base 10, what is -155 + 56?
-99
In base 10, what is 2 - -4458?
4460
In base 9, what is -31 - 1750?
-1781
In base 16, what is -1b + 26dd?
26c2
In base 7, what is 1 - -5336?
5340
In base 15, what is -706b2 + 0?
-706b2
In base 8, what is 1115 + -160?
735
In base 9, what is 156 + 366?
533
In base 11, what is -872 - 56?
-918
In base 9, what is -627 - 714?
-1442
In base 13, what is -1 + 462a7?
462a6
In base 14, what is -1a - 17537?
-17553
In base 10, what is -381 + -472?
-853
In base 3, what is 222200 + -101220?
120210
In base 16, what is 172be + -a?
172b4
In base 7, what is 15 - -606054?
606102
In base 16, what is -11 + 80d?
7fc
In base 11, what is a0558 + -21?
a0537
In base 7, what is -2 + -532422?
-532424
In base 4, what is -112230230 + 11?
-112230213
In base 16, what is 36 - -211a?
2150
In base 13, what is -74 - -1a81?
1a0a
In base 6, what is -32232513 - 5?
-32232522
In base 4, what is 3001 + -22?
2313
In base 6, what is 23512212 + 4?
23512220
In base 7, what is 315163 + -3?
315160
In base 9, what is 26 - 631?
-604
In base 9, what is 16 + -5431?
-5414
In base 12, what is -4 - -10620?
10618
In base 15, what is c + -18be6?
-18bd9
In base 11, what is -36 - -a10?
985
In base 15, what is 68 - 20?
48
In base 8, what is -1744 + 10?
-1734
In base 10, what is 791 - 975?
-184
In base 5, what is -13 - 11333?
-11401
In base 11, what is 873660 - -1?
873661
In base 4, what is 0 - 3000022110?
-3000022110
In base 15, what is 2c - -273?
2a0
In base 9, what is 885656 + 4?
885661
In base 8, what is -13 - 703502?
-703515
In base 13, what is -136800 + 3?
-1367ca
In base 7, what is 1452 + -62?
1360
In base 5